{"id":91,"date":"2026-01-03T10:34:46","date_gmt":"2026-01-03T10:34:46","guid":{"rendered":"https:\/\/yakuenergia.com\/yakuenergia\/?post_type=product&#038;p=91"},"modified":"2026-01-07T11:32:36","modified_gmt":"2026-01-07T11:32:36","slug":"turbina-pelton","status":"publish","type":"product","link":"https:\/\/yakuenergia.com\/yakuenergia\/producto\/turbina-pelton\/","title":{"rendered":"Turbina Pelton"},"content":{"rendered":"<p>Turbina hidr\u00e1ulica tipo Pelton (tangencial) para auto generaci\u00f3n el\u00e9ctrica a peque\u00f1a escala.<br \/>\nEste tipo de turbina funciona por la acci\u00f3n de uno o m\u00e1s chorros de agua que inciden sobre una serie de cucharas dispuestas sobre una rueda solidaria al eje del generador.<br \/>\nPara lograr un chorro de alta velocidad, este tipo de turbina requiere mucha presi\u00f3n y bajo caudal en comparaci\u00f3n con la turbina LH 140 que requiere baja presi\u00f3n y alto caudal.<br \/>\nPor lo tanto, este tipo de turbina es ideal cuando se dispone de un arroyo de poco caudal, pero de mucho desnivel (30 a 100m).<\/p>\n<ul>\n<li>Peso: 15 kg<\/li>\n<li>Generador: trif\u00e1sico de imanes permanentes<\/li>\n<li>Tensi\u00f3n de Salida: Trif\u00e1sica en el rango de 50 a 380V (dependiendo de la configuraci\u00f3n adoptada)<\/li>\n<li>Corriente de salida: 0.2 a 3A (dependiendo de la configuraci\u00f3n adoptada)<\/li>\n<li>Caudal de agua: 0,5 a 5 litros \/ segundo<\/li>\n<li>Desnivel: 5 a 100m<\/li>\n<li>Presi\u00f3n m\u00e1xima de trabajo: 10kg\/cm2 (150 PSI)<\/li>\n<\/ul>\n<p><a href=\"https:\/\/yakuenergia.com\/yakuenergia\/wp-content\/uploads\/2026\/01\/Instalacion-minima.jpg\"><img loading=\"lazy\" decoding=\"async\" class=\"alignnone size-medium wp-image-245\" src=\"https:\/\/yakuenergia.com\/yakuenergia\/wp-content\/uploads\/2026\/01\/Instalacion-minima-300x166.jpg\" alt=\"\" width=\"300\" height=\"166\" srcset=\"https:\/\/yakuenergia.com\/yakuenergia\/wp-content\/uploads\/2026\/01\/Instalacion-minima-300x166.jpg 300w, https:\/\/yakuenergia.com\/yakuenergia\/wp-content\/uploads\/2026\/01\/Instalacion-minima-768x426.jpg 768w, https:\/\/yakuenergia.com\/yakuenergia\/wp-content\/uploads\/2026\/01\/Instalacion-minima-600x333.jpg 600w, https:\/\/yakuenergia.com\/yakuenergia\/wp-content\/uploads\/2026\/01\/Instalacion-minima.jpg 916w\" sizes=\"auto, (max-width: 300px) 100vw, 300px\" \/><\/a> <a href=\"https:\/\/yakuenergia.com\/yakuenergia\/wp-content\/uploads\/2026\/01\/Pelton-Cube-RX.jpg\"><img loading=\"lazy\" decoding=\"async\" class=\"alignnone size-medium wp-image-246\" src=\"https:\/\/yakuenergia.com\/yakuenergia\/wp-content\/uploads\/2026\/01\/Pelton-Cube-RX-300x215.jpg\" alt=\"\" width=\"300\" height=\"215\" srcset=\"https:\/\/yakuenergia.com\/yakuenergia\/wp-content\/uploads\/2026\/01\/Pelton-Cube-RX-300x215.jpg 300w, https:\/\/yakuenergia.com\/yakuenergia\/wp-content\/uploads\/2026\/01\/Pelton-Cube-RX-1024x732.jpg 1024w, https:\/\/yakuenergia.com\/yakuenergia\/wp-content\/uploads\/2026\/01\/Pelton-Cube-RX-768x549.jpg 768w, https:\/\/yakuenergia.com\/yakuenergia\/wp-content\/uploads\/2026\/01\/Pelton-Cube-RX-600x429.jpg 600w, https:\/\/yakuenergia.com\/yakuenergia\/wp-content\/uploads\/2026\/01\/Pelton-Cube-RX.jpg 1148w\" sizes=\"auto, (max-width: 300px) 100vw, 300px\" \/><\/a><\/p>\n","protected":false},"excerpt":{"rendered":"<p>Turbina hidr\u00e1ulica tipo Pelton para auto generaci\u00f3n el\u00e9ctrica a peque\u00f1a escala.<\/p>\n","protected":false},"featured_media":92,"comment_status":"open","ping_status":"closed","template":"","meta":{"_uag_custom_page_level_css":"","site-sidebar-layout":"default","site-content-layout":"","ast-site-content-layout":"default","site-content-style":"default","site-sidebar-style":"default","ast-global-header-display":"","ast-banner-title-visibility":"","ast-main-header-display":"","ast-hfb-above-header-display":"","ast-hfb-below-header-display":"","ast-hfb-mobile-header-display":"","site-post-title":"","ast-breadcrumbs-content":"","ast-featured-img":"","footer-sml-layout":"","ast-disable-related-posts":"","theme-transparent-header-meta":"default","adv-header-id-meta":"","stick-header-meta":"","header-above-stick-meta":"","header-main-stick-meta":"","header-below-stick-meta":"","astra-migrate-meta-layouts":"set","ast-page-background-enabled":"default","ast-page-background-meta":{"desktop":{"background-color":"var(--ast-global-color-5)","background-image":"","background-repeat":"repeat","background-position":"center center","background-size":"auto","background-attachment":"scroll","background-type":"","background-media":"","overlay-type":"","overlay-color":"","overlay-opacity":"","overlay-gradient":""},"tablet":{"background-color":"","background-image":"","background-repeat":"repeat","background-position":"center center","background-size":"auto","background-attachment":"scroll","background-type":"","background-media":"","overlay-type":"","overlay-color":"","overlay-opacity":"","overlay-gradient":""},"mobile":{"background-color":"","background-image":"","background-repeat":"repeat","background-position":"center center","background-size":"auto","background-attachment":"scroll","background-type":"","background-media":"","overlay-type":"","overlay-color":"","overlay-opacity":"","overlay-gradient":""}},"ast-content-background-meta":{"desktop":{"background-color":"var(--ast-global-color-4)","background-image":"","background-repeat":"repeat","background-position":"center center","background-size":"auto","background-attachment":"scroll","background-type":"","background-media":"","overlay-type":"","overlay-color":"","overlay-opacity":"","overlay-gradient":""},"tablet":{"background-color":"var(--ast-global-color-4)","background-image":"","background-repeat":"repeat","background-position":"center center","background-size":"auto","background-attachment":"scroll","background-type":"","background-media":"","overlay-type":"","overlay-color":"","overlay-opacity":"","overlay-gradient":""},"mobile":{"background-color":"var(--ast-global-color-4)","background-image":"","background-repeat":"repeat","background-position":"center center","background-size":"auto","background-attachment":"scroll","background-type":"","background-media":"","overlay-type":"","overlay-color":"","overlay-opacity":"","overlay-gradient":""}},"_joinchat":[]},"product_brand":[],"product_cat":[17],"product_tag":[19],"class_list":{"0":"post-91","1":"product","2":"type-product","3":"status-publish","4":"has-post-thumbnail","6":"product_cat-turbinas","7":"product_tag-pelton-turbina","8":"desktop-align-left","9":"tablet-align-left","10":"mobile-align-left","12":"first","13":"onbackorder","14":"shipping-taxable","15":"purchasable","16":"product-type-simple"},"uagb_featured_image_src":{"full":["https:\/\/yakuenergia.com\/yakuenergia\/wp-content\/uploads\/2026\/01\/PeltonCube_0.bmp",1618,852,false],"thumbnail":["https:\/\/yakuenergia.com\/yakuenergia\/wp-content\/uploads\/2026\/01\/PeltonCube_0-150x150.jpg",150,150,true],"medium":["https:\/\/yakuenergia.com\/yakuenergia\/wp-content\/uploads\/2026\/01\/PeltonCube_0-300x158.jpg",300,158,true],"medium_large":["https:\/\/yakuenergia.com\/yakuenergia\/wp-content\/uploads\/2026\/01\/PeltonCube_0-768x404.jpg",768,404,true],"large":["https:\/\/yakuenergia.com\/yakuenergia\/wp-content\/uploads\/2026\/01\/PeltonCube_0-1024x539.jpg",1024,539,true],"1536x1536":["https:\/\/yakuenergia.com\/yakuenergia\/wp-content\/uploads\/2026\/01\/PeltonCube_0-1536x809.jpg",1536,809,true],"2048x2048":["https:\/\/yakuenergia.com\/yakuenergia\/wp-content\/uploads\/2026\/01\/PeltonCube_0.bmp",1618,852,false],"mailpoet_newsletter_max":["https:\/\/yakuenergia.com\/yakuenergia\/wp-content\/uploads\/2026\/01\/PeltonCube_0-1320x695.jpg",1320,695,true],"woocommerce_thumbnail":["https:\/\/yakuenergia.com\/yakuenergia\/wp-content\/uploads\/2026\/01\/PeltonCube_0-300x300.jpg",300,300,true],"woocommerce_single":["https:\/\/yakuenergia.com\/yakuenergia\/wp-content\/uploads\/2026\/01\/PeltonCube_0-600x316.jpg",600,316,true],"woocommerce_gallery_thumbnail":["https:\/\/yakuenergia.com\/yakuenergia\/wp-content\/uploads\/2026\/01\/PeltonCube_0-100x100.jpg",100,100,true]},"uagb_author_info":{"display_name":"Guillermo Diaz","author_link":"https:\/\/yakuenergia.com\/yakuenergia\/author\/"},"uagb_comment_info":0,"uagb_excerpt":"Turbina hidr\u00e1ulica tipo Pelton para auto generaci\u00f3n el\u00e9ctrica a peque\u00f1a escala.","jetpack_sharing_enabled":true,"_links":{"self":[{"href":"https:\/\/yakuenergia.com\/yakuenergia\/wp-json\/wp\/v2\/product\/91","targetHints":{"allow":["GET"]}}],"collection":[{"href":"https:\/\/yakuenergia.com\/yakuenergia\/wp-json\/wp\/v2\/product"}],"about":[{"href":"https:\/\/yakuenergia.com\/yakuenergia\/wp-json\/wp\/v2\/types\/product"}],"replies":[{"embeddable":true,"href":"https:\/\/yakuenergia.com\/yakuenergia\/wp-json\/wp\/v2\/comments?post=91"}],"wp:featuredmedia":[{"embeddable":true,"href":"https:\/\/yakuenergia.com\/yakuenergia\/wp-json\/wp\/v2\/media\/92"}],"wp:attachment":[{"href":"https:\/\/yakuenergia.com\/yakuenergia\/wp-json\/wp\/v2\/media?parent=91"}],"wp:term":[{"taxonomy":"product_brand","embeddable":true,"href":"https:\/\/yakuenergia.com\/yakuenergia\/wp-json\/wp\/v2\/product_brand?post=91"},{"taxonomy":"product_cat","embeddable":true,"href":"https:\/\/yakuenergia.com\/yakuenergia\/wp-json\/wp\/v2\/product_cat?post=91"},{"taxonomy":"product_tag","embeddable":true,"href":"https:\/\/yakuenergia.com\/yakuenergia\/wp-json\/wp\/v2\/product_tag?post=91"}],"curies":[{"name":"wp","href":"https:\/\/api.w.org\/{rel}","templated":true}]}}