{"id":111,"date":"2026-01-03T11:24:42","date_gmt":"2026-01-03T11:24:42","guid":{"rendered":"https:\/\/yakuenergia.com\/yakuenergia\/?page_id=111"},"modified":"2026-01-09T15:54:25","modified_gmt":"2026-01-09T15:54:25","slug":"inicio","status":"publish","type":"page","link":"https:\/\/yakuenergia.com\/yakuenergia\/","title":{"rendered":"Inicio"},"content":{"rendered":"\n<p class=\"has-ast-global-color-6-color has-text-color has-link-color wp-elements-f37887f46b13f752a97f0f020def98c3\" style=\"border-top-left-radius:18px;border-top-right-radius:18px;border-bottom-left-radius:18px;border-bottom-right-radius:18px\">En Yaku Energ\u00eda <strong>desarrollamos turbinas hidr\u00e1ulicas<\/strong> adaptadas a cada entorno, dise\u00f1adas para generar energ\u00eda de forma continua y confiable. Aplicamos ingenier\u00eda y an\u00e1lisis t\u00e9cnico para aprovechar al m\u00e1ximo el recurso disponible.<\/p>\n\n\n\n<p>Nuestras turbinas permiten <strong>compensar las limitaciones de la energ\u00eda solar<\/strong>, aportando generaci\u00f3n cuando no hay radiaci\u00f3n y mejorando la estabilidad del sistema.<\/p>\n\n\n\n<p class=\"has-ast-global-color-6-color has-text-color has-link-color wp-elements-e8bf15a39cd3eaf0725d0a921712eac5\" style=\"border-top-left-radius:18px;border-top-right-radius:18px;border-bottom-left-radius:18px;border-bottom-right-radius:18px\"><strong>Acompa\u00f1amos a comunidades, empresas y proyectos locales desde la evaluaci\u00f3n inicial hasta la implementaci\u00f3n<\/strong>, priorizando soluciones viables y sostenibles, acordes a las condiciones reales de operaci\u00f3n.<\/p>\n\n\n\n<div class=\"wp-block-jetpack-slideshow aligncenter\" data-autoplay=\"true\" data-delay=\"3\" data-effect=\"slide\" style=\"--aspect-ratio:calc(2560 \/ 1920)\"><div class=\"wp-block-jetpack-slideshow_container swiper\"><ul class=\"wp-block-jetpack-slideshow_swiper-wrapper swiper-wrapper\"><li class=\"wp-block-jetpack-slideshow_slide swiper-slide\"><figure><img loading=\"lazy\" decoding=\"async\" width=\"2560\" height=\"1920\" alt=\"\" class=\"wp-block-jetpack-slideshow_image wp-image-281\" data-id=\"281\" data-aspect-ratio=\"2560 \/ 1920\" src=\"https:\/\/yakuenergia.com\/yakuenergia\/wp-content\/uploads\/2026\/01\/IMG_3129-1-scaled.jpg\" srcset=\"https:\/\/yakuenergia.com\/yakuenergia\/wp-content\/uploads\/2026\/01\/IMG_3129-1-scaled.jpg 2560w, https:\/\/yakuenergia.com\/yakuenergia\/wp-content\/uploads\/2026\/01\/IMG_3129-1-300x225.jpg 300w, https:\/\/yakuenergia.com\/yakuenergia\/wp-content\/uploads\/2026\/01\/IMG_3129-1-1024x768.jpg 1024w, https:\/\/yakuenergia.com\/yakuenergia\/wp-content\/uploads\/2026\/01\/IMG_3129-1-768x576.jpg 768w, https:\/\/yakuenergia.com\/yakuenergia\/wp-content\/uploads\/2026\/01\/IMG_3129-1-1536x1152.jpg 1536w, https:\/\/yakuenergia.com\/yakuenergia\/wp-content\/uploads\/2026\/01\/IMG_3129-1-2048x1536.jpg 2048w, https:\/\/yakuenergia.com\/yakuenergia\/wp-content\/uploads\/2026\/01\/IMG_3129-1-1320x990.jpg 1320w, https:\/\/yakuenergia.com\/yakuenergia\/wp-content\/uploads\/2026\/01\/IMG_3129-1-600x450.jpg 600w\" sizes=\"(max-width: 2560px) 100vw, 2560px\" \/><\/figure><\/li><li class=\"wp-block-jetpack-slideshow_slide swiper-slide\"><figure><img loading=\"lazy\" decoding=\"async\" width=\"2560\" height=\"1920\" alt=\"\" class=\"wp-block-jetpack-slideshow_image wp-image-150\" data-id=\"150\" data-aspect-ratio=\"2560 \/ 1920\" src=\"https:\/\/yakuenergia.com\/yakuenergia\/wp-content\/uploads\/2026\/01\/IMG_3085-scaled.jpg\" srcset=\"https:\/\/yakuenergia.com\/yakuenergia\/wp-content\/uploads\/2026\/01\/IMG_3085-scaled.jpg 2560w, https:\/\/yakuenergia.com\/yakuenergia\/wp-content\/uploads\/2026\/01\/IMG_3085-300x225.jpg 300w, https:\/\/yakuenergia.com\/yakuenergia\/wp-content\/uploads\/2026\/01\/IMG_3085-1024x768.jpg 1024w, https:\/\/yakuenergia.com\/yakuenergia\/wp-content\/uploads\/2026\/01\/IMG_3085-768x576.jpg 768w, https:\/\/yakuenergia.com\/yakuenergia\/wp-content\/uploads\/2026\/01\/IMG_3085-1536x1152.jpg 1536w, https:\/\/yakuenergia.com\/yakuenergia\/wp-content\/uploads\/2026\/01\/IMG_3085-2048x1536.jpg 2048w, https:\/\/yakuenergia.com\/yakuenergia\/wp-content\/uploads\/2026\/01\/IMG_3085-1320x990.jpg 1320w, https:\/\/yakuenergia.com\/yakuenergia\/wp-content\/uploads\/2026\/01\/IMG_3085-600x450.jpg 600w\" sizes=\"(max-width: 2560px) 100vw, 2560px\" \/><\/figure><\/li><li class=\"wp-block-jetpack-slideshow_slide swiper-slide\"><figure><img loading=\"lazy\" decoding=\"async\" width=\"2560\" height=\"1920\" alt=\"\" class=\"wp-block-jetpack-slideshow_image wp-image-175\" data-id=\"175\" data-aspect-ratio=\"2560 \/ 1920\" src=\"https:\/\/yakuenergia.com\/yakuenergia\/wp-content\/uploads\/2026\/01\/IMG_3136-3-scaled.jpg\" srcset=\"https:\/\/yakuenergia.com\/yakuenergia\/wp-content\/uploads\/2026\/01\/IMG_3136-3-scaled.jpg 2560w, https:\/\/yakuenergia.com\/yakuenergia\/wp-content\/uploads\/2026\/01\/IMG_3136-3-300x225.jpg 300w, https:\/\/yakuenergia.com\/yakuenergia\/wp-content\/uploads\/2026\/01\/IMG_3136-3-1024x768.jpg 1024w, https:\/\/yakuenergia.com\/yakuenergia\/wp-content\/uploads\/2026\/01\/IMG_3136-3-768x576.jpg 768w, https:\/\/yakuenergia.com\/yakuenergia\/wp-content\/uploads\/2026\/01\/IMG_3136-3-1536x1152.jpg 1536w, https:\/\/yakuenergia.com\/yakuenergia\/wp-content\/uploads\/2026\/01\/IMG_3136-3-2048x1536.jpg 2048w, https:\/\/yakuenergia.com\/yakuenergia\/wp-content\/uploads\/2026\/01\/IMG_3136-3-1320x990.jpg 1320w, https:\/\/yakuenergia.com\/yakuenergia\/wp-content\/uploads\/2026\/01\/IMG_3136-3-600x450.jpg 600w\" sizes=\"(max-width: 2560px) 100vw, 2560px\" \/><\/figure><\/li><li class=\"wp-block-jetpack-slideshow_slide swiper-slide\"><figure><img loading=\"lazy\" decoding=\"async\" width=\"2560\" height=\"1920\" alt=\"\" class=\"wp-block-jetpack-slideshow_image wp-image-287\" data-id=\"287\" data-aspect-ratio=\"2560 \/ 1920\" src=\"https:\/\/yakuenergia.com\/yakuenergia\/wp-content\/uploads\/2026\/01\/IMG_5792-scaled.jpg\" srcset=\"https:\/\/yakuenergia.com\/yakuenergia\/wp-content\/uploads\/2026\/01\/IMG_5792-scaled.jpg 2560w, https:\/\/yakuenergia.com\/yakuenergia\/wp-content\/uploads\/2026\/01\/IMG_5792-300x225.jpg 300w, https:\/\/yakuenergia.com\/yakuenergia\/wp-content\/uploads\/2026\/01\/IMG_5792-1024x768.jpg 1024w, https:\/\/yakuenergia.com\/yakuenergia\/wp-content\/uploads\/2026\/01\/IMG_5792-768x576.jpg 768w, https:\/\/yakuenergia.com\/yakuenergia\/wp-content\/uploads\/2026\/01\/IMG_5792-1536x1152.jpg 1536w, https:\/\/yakuenergia.com\/yakuenergia\/wp-content\/uploads\/2026\/01\/IMG_5792-2048x1536.jpg 2048w, https:\/\/yakuenergia.com\/yakuenergia\/wp-content\/uploads\/2026\/01\/IMG_5792-1320x990.jpg 1320w, https:\/\/yakuenergia.com\/yakuenergia\/wp-content\/uploads\/2026\/01\/IMG_5792-600x450.jpg 600w\" sizes=\"(max-width: 2560px) 100vw, 2560px\" \/><\/figure><\/li><li class=\"wp-block-jetpack-slideshow_slide swiper-slide\"><figure><img loading=\"lazy\" decoding=\"async\" width=\"1600\" height=\"900\" alt=\"\" class=\"wp-block-jetpack-slideshow_image wp-image-288\" data-id=\"288\" data-aspect-ratio=\"1600 \/ 900\" src=\"https:\/\/yakuenergia.com\/yakuenergia\/wp-content\/uploads\/2026\/01\/IMG_20191118_104717472.jpg\" srcset=\"https:\/\/yakuenergia.com\/yakuenergia\/wp-content\/uploads\/2026\/01\/IMG_20191118_104717472.jpg 1600w, https:\/\/yakuenergia.com\/yakuenergia\/wp-content\/uploads\/2026\/01\/IMG_20191118_104717472-300x169.jpg 300w, https:\/\/yakuenergia.com\/yakuenergia\/wp-content\/uploads\/2026\/01\/IMG_20191118_104717472-1024x576.jpg 1024w, https:\/\/yakuenergia.com\/yakuenergia\/wp-content\/uploads\/2026\/01\/IMG_20191118_104717472-768x432.jpg 768w, https:\/\/yakuenergia.com\/yakuenergia\/wp-content\/uploads\/2026\/01\/IMG_20191118_104717472-1536x864.jpg 1536w, https:\/\/yakuenergia.com\/yakuenergia\/wp-content\/uploads\/2026\/01\/IMG_20191118_104717472-1320x743.jpg 1320w, https:\/\/yakuenergia.com\/yakuenergia\/wp-content\/uploads\/2026\/01\/IMG_20191118_104717472-600x338.jpg 600w\" sizes=\"(max-width: 1600px) 100vw, 1600px\" \/><\/figure><\/li><li class=\"wp-block-jetpack-slideshow_slide swiper-slide\"><figure><img loading=\"lazy\" decoding=\"async\" width=\"1280\" height=\"960\" alt=\"\" class=\"wp-block-jetpack-slideshow_image wp-image-289\" data-id=\"289\" data-aspect-ratio=\"1280 \/ 960\" src=\"https:\/\/yakuenergia.com\/yakuenergia\/wp-content\/uploads\/2026\/01\/IMG-20201202-WA0007.jpg\" srcset=\"https:\/\/yakuenergia.com\/yakuenergia\/wp-content\/uploads\/2026\/01\/IMG-20201202-WA0007.jpg 1280w, https:\/\/yakuenergia.com\/yakuenergia\/wp-content\/uploads\/2026\/01\/IMG-20201202-WA0007-300x225.jpg 300w, https:\/\/yakuenergia.com\/yakuenergia\/wp-content\/uploads\/2026\/01\/IMG-20201202-WA0007-1024x768.jpg 1024w, https:\/\/yakuenergia.com\/yakuenergia\/wp-content\/uploads\/2026\/01\/IMG-20201202-WA0007-768x576.jpg 768w, https:\/\/yakuenergia.com\/yakuenergia\/wp-content\/uploads\/2026\/01\/IMG-20201202-WA0007-600x450.jpg 600w\" sizes=\"(max-width: 1280px) 100vw, 1280px\" \/><\/figure><\/li><li class=\"wp-block-jetpack-slideshow_slide swiper-slide\"><figure><img loading=\"lazy\" decoding=\"async\" width=\"1280\" height=\"960\" alt=\"\" class=\"wp-block-jetpack-slideshow_image wp-image-290\" data-id=\"290\" data-aspect-ratio=\"1280 \/ 960\" src=\"https:\/\/yakuenergia.com\/yakuenergia\/wp-content\/uploads\/2026\/01\/IMG-20201202-WA0008.jpg\" srcset=\"https:\/\/yakuenergia.com\/yakuenergia\/wp-content\/uploads\/2026\/01\/IMG-20201202-WA0008.jpg 1280w, https:\/\/yakuenergia.com\/yakuenergia\/wp-content\/uploads\/2026\/01\/IMG-20201202-WA0008-300x225.jpg 300w, https:\/\/yakuenergia.com\/yakuenergia\/wp-content\/uploads\/2026\/01\/IMG-20201202-WA0008-1024x768.jpg 1024w, https:\/\/yakuenergia.com\/yakuenergia\/wp-content\/uploads\/2026\/01\/IMG-20201202-WA0008-768x576.jpg 768w, https:\/\/yakuenergia.com\/yakuenergia\/wp-content\/uploads\/2026\/01\/IMG-20201202-WA0008-600x450.jpg 600w\" sizes=\"(max-width: 1280px) 100vw, 1280px\" \/><\/figure><\/li><\/ul><a class=\"wp-block-jetpack-slideshow_button-prev swiper-button-prev swiper-button-white\" role=\"button\"><\/a><a class=\"wp-block-jetpack-slideshow_button-next swiper-button-next swiper-button-white\" role=\"button\"><\/a><a aria-label=\"Pause Slideshow\" class=\"wp-block-jetpack-slideshow_button-pause\" role=\"button\"><\/a><div class=\"wp-block-jetpack-slideshow_pagination swiper-pagination swiper-pagination-white\"><\/div><\/div><\/div>\n","protected":false},"excerpt":{"rendered":"<p>En Yaku Energ\u00eda desarrollamos turbinas hidr\u00e1ulicas adaptadas a cada entorno, dise\u00f1adas para generar energ\u00eda de forma continua y confiable. Aplicamos [&hellip;]<\/p>\n","protected":false},"author":2,"featured_media":0,"parent":0,"menu_order":0,"comment_status":"closed","ping_status":"closed","template":"","meta":{"_uag_custom_page_level_css":"","site-sidebar-layout":"default","site-content-layout":"","ast-site-content-layout":"default","site-content-style":"default","site-sidebar-style":"default","ast-global-header-display":"","ast-banner-title-visibility":"","ast-main-header-display":"","ast-hfb-above-header-display":"","ast-hfb-below-header-display":"","ast-hfb-mobile-header-display":"","site-post-title":"","ast-breadcrumbs-content":"","ast-featured-img":"","footer-sml-layout":"","ast-disable-related-posts":"","theme-transparent-header-meta":"","adv-header-id-meta":"","stick-header-meta":"","header-above-stick-meta":"","header-main-stick-meta":"","header-below-stick-meta":"","astra-migrate-meta-layouts":"default","ast-page-background-enabled":"default","ast-page-background-meta":{"desktop":{"background-color":"var(--ast-global-color-5)","background-image":"","background-repeat":"repeat","background-position":"center center","background-size":"auto","background-attachment":"scroll","background-type":"","background-media":"","overlay-type":"","overlay-color":"","overlay-opacity":"","overlay-gradient":""},"tablet":{"background-color":"","background-image":"","background-repeat":"repeat","background-position":"center center","background-size":"auto","background-attachment":"scroll","background-type":"","background-media":"","overlay-type":"","overlay-color":"","overlay-opacity":"","overlay-gradient":""},"mobile":{"background-color":"","background-image":"","background-repeat":"repeat","background-position":"center center","background-size":"auto","background-attachment":"scroll","background-type":"","background-media":"","overlay-type":"","overlay-color":"","overlay-opacity":"","overlay-gradient":""}},"ast-content-background-meta":{"desktop":{"background-color":"var(--ast-global-color-4)","background-image":"","background-repeat":"repeat","background-position":"center center","background-size":"auto","background-attachment":"scroll","background-type":"","background-media":"","overlay-type":"","overlay-color":"","overlay-opacity":"","overlay-gradient":""},"tablet":{"background-color":"var(--ast-global-color-4)","background-image":"","background-repeat":"repeat","background-position":"center center","background-size":"auto","background-attachment":"scroll","background-type":"","background-media":"","overlay-type":"","overlay-color":"","overlay-opacity":"","overlay-gradient":""},"mobile":{"background-color":"var(--ast-global-color-4)","background-image":"","background-repeat":"repeat","background-position":"center center","background-size":"auto","background-attachment":"scroll","background-type":"","background-media":"","overlay-type":"","overlay-color":"","overlay-opacity":"","overlay-gradient":""}},"_joinchat":[],"footnotes":""},"class_list":["post-111","page","type-page","status-publish","hentry"],"uagb_featured_image_src":{"full":false,"thumbnail":false,"medium":false,"medium_large":false,"large":false,"1536x1536":false,"2048x2048":false,"mailpoet_newsletter_max":false,"woocommerce_thumbnail":false,"woocommerce_single":false,"woocommerce_gallery_thumbnail":false},"uagb_author_info":{"display_name":"Guillermo Diaz","author_link":"https:\/\/yakuenergia.com\/yakuenergia\/author\/l0061314\/"},"uagb_comment_info":0,"uagb_excerpt":"En Yaku Energ\u00eda desarrollamos turbinas hidr\u00e1ulicas adaptadas a cada entorno, dise\u00f1adas para generar energ\u00eda de forma continua y confiable. Aplicamos [&hellip;]","jetpack_sharing_enabled":true,"_links":{"self":[{"href":"https:\/\/yakuenergia.com\/yakuenergia\/wp-json\/wp\/v2\/pages\/111","targetHints":{"allow":["GET"]}}],"collection":[{"href":"https:\/\/yakuenergia.com\/yakuenergia\/wp-json\/wp\/v2\/pages"}],"about":[{"href":"https:\/\/yakuenergia.com\/yakuenergia\/wp-json\/wp\/v2\/types\/page"}],"author":[{"embeddable":true,"href":"https:\/\/yakuenergia.com\/yakuenergia\/wp-json\/wp\/v2\/users\/2"}],"replies":[{"embeddable":true,"href":"https:\/\/yakuenergia.com\/yakuenergia\/wp-json\/wp\/v2\/comments?post=111"}],"version-history":[{"count":9,"href":"https:\/\/yakuenergia.com\/yakuenergia\/wp-json\/wp\/v2\/pages\/111\/revisions"}],"predecessor-version":[{"id":293,"href":"https:\/\/yakuenergia.com\/yakuenergia\/wp-json\/wp\/v2\/pages\/111\/revisions\/293"}],"wp:attachment":[{"href":"https:\/\/yakuenergia.com\/yakuenergia\/wp-json\/wp\/v2\/media?parent=111"}],"curies":[{"name":"wp","href":"https:\/\/api.w.org\/{rel}","templated":true}]}}